 is y(q)?
-6
Let p(k) be the first derivative of -k**3/3 - k**2 - k - 84. What is p(-3)?
-4
Let q(k) = -2*k**2 - 1941 + k**2 + 968 + 965 + 9*k. Give q(7).
6
Let a be 1/((3 + -1)/36). Let r = a - 16. Let c(d) = 5*d + 15. Let l(h) = 9*h + 28. Let m(o) = 11*c(o) - 6*l(o). Calculate m(r).
-1
Let v(h) = -2*h + 6. Suppose w + 12 = s - 0*s, 2*w = 5*s - 60. Let k be (1 - 0)/(6/s). Suppose 0 = -k*r + r + j, 20 = 3*r + 2*j. What is v(r)?
-2
Let v = -42 + 47. Suppose 16 = v*g - 9*g. Let h(r) = -r**3 - 4*r**2 - 3. Calculate h(g).
-3
Let q(x) = x**2 + 7*x + 1. Let b be q(0). Let d be (b - (-21)/6)*(-8)/(-6). Let k(a) = a + 5. What is k(d)?
11
Let z(o) = 4*o - 3. Let w(k) = 7*k - 5. Let u(f) = -3*w(f) + 5*z(f). Let a(s) = 5*s + 1. Let i(c) = a(c) - 3*u(c). Determine i(-2).
-15
Let j(n) be the third derivative of -n**8/6720 + n**7/630 + n**6/144 + n**5/60 + n**4/24 - 10*n**2. Let t(u) be the second derivative of j(u). What is t(5)?
2
Let m(i) be the first derivative of i**3/3 + 6*i**2 - 30. What is m(-7)?
-35
Let c(n) = n**2 + 10*n - 11. Let m be 0 + 14/98 - (-170)/(-14). Determine c(m).
13
Let c(b) be the second derivative of b**5/20 - 7*b**4/12 + 3*b**3/2 - 9*b**2/2 - 2*b. Let j be (16/4)/(-4) - -4. Let n be j + -1*(0 - 3). Give c(n).
9
Let w be 36/21 + 9/7 + -1. Let d(l) = -2*l**2 - 2*l + 1. Calculate d(w).
-11
Let m(p) = -4*p**3 - 2*p**2 - 2. Let w be 3*(-9)/((-270)/(-20)). What is m(w)?
22
Let w(n) = n**3 + 10*n**2 - n - 7. Let v be w(-10). Suppose v*k - 2*k = 0. Let l(b) = -b**2 + 0*b**2 + k + 7*b + 0. What is l(5)?
10
Let r = 51 + -46. Let a(n) = -n + 1. Give a(r).
-4
Let l(m) = 2*m + 2. Let w be 4/(-50) + 306/75. Give l(w).
10
Suppose 4*p - 4 = -0. Let j(f) = 11*f**2 + 1. Let g be j(p). Suppose g = 2*r - 4*r. Let k(y) = y + 9. What is k(r)?
3
Let m(p) = -p**3 - 2*p**2 - p - 1. Let t be m(-2). Let o(z) = 1. Let n(c) = -c + 1. Let f(r) = t*n(r) - 3*o(r). Determine f(-4).
2
Let c(f) = -f**3 + 2*f**2 - 2*f - 1. Let t(r) = -7*r**3 - 5*r**3 - 5*r**3 + 2 + 7*r**2 + 16*r**3. Suppose -18 - 10 = -4*b. Let k be t(b). Determine c(k).
-5
Let l = 2021 - 2022. Let a(g) be the third derivative of g**6/120 + g**4/24 + g**3/6 - g**2. Determine a(l).
-1
Let p be (-3 - 1) + 4 + -8. Let z(x) = -x + 15. Let d(b) = 2*b - 23. Let r be -5 + -1 - (-3 - -2). Let j(a) = p*z(a) + r*d(a). What is j(-6)?
7
Let a(o) = 2*o - 2. Let b be 55/10*-2 + -1. Let l be ((-3)/(-2) + 0)*2. Let y be l/4 - 15/b. Give a(y).
2
Let k(w) = -w**2 + 4*w - 2. Let q(r) = r. Let z be q(-1). Let v be z + 10 + -9 + 4. Give k(v).
-2
Let a(w) = 9*w + 16. Let m(c) = 17*c + 30. Let j(o) = -11*a(o) + 6*m(o). Calculate j(-6).
-14
Let p(t) = -2*t**3 - 18*t**2 - 5. Let g = 16 + -23. Let c(n) = n**3 + 9*n**2 + 3. Let y(d) = g*c(d) - 3*p(d). What is y(-9)?
-6
Let c(p) = 75*p - 149*p - 2*p**2 + 33 + 76*p. Let i(o) = -o**2 + o + 16. Let g(u) = -6*c(u) + 13*i(u). Suppose 3*m = 5*m. Determine g(m).
10
Let y(x) = x**2 + 11*x + 4. Suppose -362 = 81*p + 124. Determine y(p).
-26
Let v(m) = -m - 36. Let y be (-2080)/120 - (2 + 7/(-3)). Calculate v(y).
-19
Suppose 3*p = 2*k + 8, -5*p - k = -p + 4. Let d(o) = o - 4 + 3*o**2 + 3 + 12 - 4*o**2. Determine d(p).
11
Let t be 6*1 + (2 - 6). Suppose -4*l + t*b + 60 = 0, -45 = -3*l - b + 4*b. Let d be (-16)/(-3) + (-5)/l. Let i(v) = -v**3 + 4*v**2 + 4*v. Calculate i(d).
-5
Let n(j) be the second derivative of 35*j**4/12 - j**3/6 - j**2/2 - 6*j - 30. What is n(-1)?
35
Let f(q) = 5*q**3 + 20*q**2 - 4*q - 6. Let m(l) = -11*l**3 - 42*l**2 + 7*l + 13. Let t(d) = -13*f(d) - 6*m(d). Calculate t(7).
21
Let v(m) be the third derivative of -m**4/8 - 5*m**3/3 + 621*m**2. Calculate v(-9).
17
Let f(r) = -3*r + r - 2754 + 2740. Determine f(-15).
16
Let a be (3 - 18)*2/(-6). Let k = -9 + a. Let x(q) = -q + 4. Determine x(k).
8
Suppose -2*m - 16 = -4*t, 0 = 5*t - 6*m + 7*m - 13. Let f(u) be the first derivative of u**2 - 1/3*u**t + u + 1. What is f(-2)?
-7
Let o(w) = -w + 8. Let b(x) = x + 26. Let z(j) = 2*b(j) - 7*o(j). Determine z(4).
32
Let k(a) be the second derivative of -a**4/12 + 5*a**3/6 + a**2/2 + 4*a. Suppose 2*m - 3*r - 35 = 0, 0 = m + 2*r - 2 - 5. Suppose m = 11*u - 20. Determine k(u).
7
Let y(f) = 39*f + 13. Let k(v) = -6*v + 1. Let m(t) = -6*k(t) - y(t). What is m(-6)?
-1
Let i(p) = -4*p**2 - 2*p - 1. Let n(g) = 2*g + 14. Let j be n(-8). What is i(j)?
-13
Let v(l) = 3*l**2 - 6*l + 5. Let x be v(4). Let f(p) = 3*p + x + p - 31. Calculate f(-2).
-10
Let y(o) = -20*o - 5. Let l(h) = 2*h. Let w(t) = -6*l(t) - y(t). Calculate w(-1).
-3
Let j = 190 - 197. Let d(t) = -t**3 - 7*t**2 - 2*t - 5. What is d(j)?
9
Let u(b) be the first derivative of 0*b**2 + 1/4*b**4 - 2*b + 4/3*b**3 + 4. Suppose 2*v - 6 = 4*v. Calculate u(v).
7
Let t = -41 + -19. Let q = t - -58. Let f(h) = -3*h**2 - h - 1. What is f(q)?
-11
Let y(d) = -d**3 + 3*d**2 + 2. Let z be y(3). Suppose 2*m + 6 = -0*m - 2*p, z*p = m - 12. Let b(q) = 2*q**2 + q - m*q**3 + q**3 + 0*q. Give b(3).
-6
Let q(h) be the second derivative of -h**5/20 + 5*h**4/12 + h**3/6 + h**2/2 - 20*h - 4. Calculate q(5).
6
Suppose 3*w = 2*z - 10, -6 = 2*w - 5*z - 3. Let j(g) = -g. Let t(i) = -18*i. Let m(s) = -15*j(s) + t(s). Give m(w).
12
Let l(q) = q**3 + 11*q**2 + 8*q - 14. Suppose -5*j = -4*j - 93. Suppose -3*k + 63 = j. Give l(k).
6
Suppose 3*b - 2*t = 0, 3 = -5*b + 5*t + 8. Suppose -3 = j + 1, -z - 4 = 2*j. Let v(s) = -z*s**2 + 5*s**2 + 1 - 2 + 3*s. What is v(b)?
-3
Let i(a) = -9*a**3 - a**2 + a. Let s(r) = -r**2 - 12*r + 17. Let q be s(-13). Suppose -8 = q*h + 4. Let m be (-1)/((9/h)/3). Determine i(m).
-9
Let c(h) = -h**2 - 10*h + 17. Let j be c(-11). Suppose 13*k = 17*k. Let s(i) = k*i - 2 + 2*i - j*i. Give s(-3).
10
Let k be (0 + 1*-15)*-1. Let l = k - 15. Suppose l = -5*t + 10 - 0. Let p(r) = 2*r + 1. What is p(t)?
5
Let a(d) = 5*d + 11*d + d + 2*d + 2 - 18*d. Calculate a(-10).
-8
Let h = -8039/120 - -67. Let d(t) be the third derivative of -h*t**6 + 0*t + 3*t**2 + 0*t**5 + 5/6*t**3 + 0 - 1/24*t**4. Give d(0).
5
Let p(m) = -m - 1. Let k(l) = 2*l + 18. Let u be k(-23). Let c be ((-6)/4)/((-21)/u). Give p(c).
1
Let z(i) = -2*i**3 - 2*i**2 - 2. Let n(o) = -o + 6. Let g be n(4). Let t(v) = -8*v**2 - 2 + 4*v**2 + v**3 - 5*v**g + 0. Let b be t(9). What is z(b)?
6
Suppose -7*s = -8*s - 4*v - 1, 23 = 3*s - v. Let d(p) = -p**3 + 5*p**2 + 7*p - 16. Determine d(s).
-65
Let r(q) = q**2 + 16*q - 2. Let w(u) = -u**2 - 18*u + 4. Let a(m) = -5*r(m) - 4*w(m). What is a(-5)?
9
Let p(j) be the second derivative of j**5/120 + j**3/3 - j**2/2 + 21*j. Let n(h) be the second derivative of p(h). What is n(-5)?
-5
Let b(z) be the first derivative of -9 + 1/3*z**3 + 0*z**2 + 0*z. Calculate b(-4).
16
Let t(c) = -2*c + 1. Let r be (2/3*3)/(-2). Calculate t(r).
3
Let l(d) = d**2 - 3*d - 4. Let m be 20/(-2)*1/(-5). Suppose z = 5 + 5. Suppose 5*v = m*t - 1, 2*v - z = -5*t + 7*v. Give l(t).
-4
Let k(g) = -7*g**3 - 19*g**2 - 31*g + 70. Let z(c) = c**3 + 3*c**2 + 5*c - 11. Let w(n) = 2*k(n) + 13*z(n). Let a(b) = -b + 7. Let s be a(5). Calculate w(s).
-1
Let i(g) = g**2 + 11*g + 2. Let r be (1/(-6)*8)/((-4)/(-30)). Calculate i(r).
-8
Let s = 8 + -4. Let j(i) = -5*i + 4. Let p = -42 + 43. Let m(t) = t - 1. Let w(v) = p*j(v) + 3*m(v). Calculate w(s).
-7
Let n(u) be the third derivative of 1/6*u**3 + 0 + 0*u + 10*u**2 - 1/12*u**4. Let q = -12 - -13. What is n(q)?
-1
Let h(s) be the first derivative of -s**4/4 + 10*s**3/3 - 8*s**2 - 5*s + 410. Give h(8).
-5
Let d(s) = -3*s - 1. Let i be (1630/6)/(-5) + (-10)/15. Let q = 62 + i. Determine d(q).
-22
Let w(c) = -2*c. Let v(m) = m**2 + 3*m + m + 0*m - 2 - 5. Let o(q) = q**2 + 4*q - 7. Let k(j) = -3*o(j) + 4*v(j). Let y be k(-5). Calculate w(y).
4
Let b(k) be the third derivative of -k**6/120 - 7*k**5/60 - k**4/8 + 13*k**3/6 + 7*k**2 + 27*k. Give b(-6).
-5
Suppose a - 5*w + 554 = 540, 4*w = 8. Let t(b) = 3*b**2 + 2*b - 9. Give t(a).
31
Let k(m) = -2*m - 8. Let q be 14/((-6 - -24)/(-9)). What is k(q)?
6
Let w(v) = -v**2 - 16*v - 35. Suppose 0 = 20*f + 387 - 107. What is w(f)?
-7
Let l(v) be the third derivative of 13*v**5/60 + v**4/24 + v**3/6 - 7*v**2. What is l(-1)?
13
Let p(k) = 18531 - k - 9277 - 9264 - k. Let g = 2 - 10. What is p(g)?
6
Let o be 15/(-2 - -1 - -2). Suppose 5*b = -45 + o. Let r(y) = -y - 6. Let m(u) = 5*u + 27. Let i(v) =